ghest common divisor of x and 26.
2
Let l be 18/(-10)*20/(-6). Let s(w) = 2*w**2 - 10*w + 15. Let k be s(l). Suppose 2*i = 5*i - 81. Calculate the greatest common divisor of k and i.
27
Suppose -5*v - 4*g + 1285 = g, -273 = -v + 3*g. Suppose l - 33 = -0*l - 4*y, 0 = 5*l - 2*y - 143. Calculate the greatest common factor of v and l.
29
Let v(l) = -l + 10. Let u be v(0). Let a = 88 - 58. What is the greatest common factor of a and u?
10
Suppose -3*x - 4*n - 3 = 0, -n - 6 = -3*x + 2*x. Suppose -u + 2*g + 112 = x*g, -u - 2*g = -112. Calculate the highest common factor of u and 14.
14
Let j(d) = d**2 + 6*d + 4. Let m be j(-6). Suppose 5*c = -t + 18, -3*c + t + 22 = -m*t. Calculate the greatest common factor of c and 12.
4
Suppose -k + 95 = 3*h, -5*k + 523 = h - 2*h. What is the greatest common factor of k and 32?
8
Suppose 3*l + 1090 = -2*l. Let u be l/2*(-3 - -2). Suppose 0 = -3*p + 59 + u. What is the highest common factor of 7 and p?
7
Let y be (3 - (2 - -2))*0. Let j be ((-12)/(-4) - y) + (2 - -11). What is the greatest common factor of j and 8?
8
Let u(m) = -6*m - 62. Let s be u(-14). What is the highest common factor of 11 and s?
11
Let k be (-9521)/(-9) - (436/(-36) + 12). Calculate the highest common factor of k and 46.
46
Let q be -1 - (-12 - (3 - 2)). Let c = q - 7. Suppose -3*p - 136 = -7*p - 4*o, 0 = -4*p - c*o + 138. Calculate the greatest common divisor of 8 and p.
8
Let h be ((-12)/(-10))/(21/910). Let s = h - 47. Calculate the greatest common factor of 55 and s.
5
Suppose 87*z = 34351 + 25505. Calculate the highest common factor of 86 and z.
86
Let j = 199 + -164. Calculate the highest common factor of 245 and j.
35
Suppose -t - 2*w = -2*t - 79, -400 = 5*t - 5*w. Let g = t - -121. Calculate the highest common factor of 40 and g.
40
Let w(j) = -j**3 + 7*j**2 - 5*j - 11. Let u be w(5). Calculate the greatest common factor of 497 and u.
7
Let z = 79 - 74. Calculate the greatest common divisor of z and 5.
5
Suppose 6*n + 1 - 13 = 0. Suppose n*b = -85 + 269. What is the highest common factor of b and 23?
23
Suppose -8*r + 248 = 32. Calculate the highest common factor of r and 1.
1
Let c = -81 + 137. Let h = 41 + 43. What is the greatest common divisor of c and h?
28
Suppose 14*q - 5*q - 225 = 0. What is the greatest common divisor of 40 and q?
5
Let u = 2535 + -2469. Calculate the greatest common divisor of 1144 and u.
22
Let m(d) = -2*d + 90. Let w be m(-16). Calculate the greatest common divisor of 976 and w.
122
Suppose -3 = -i - 0*i. Suppose 2*k + 104 = -4*b, -3*b + k + 2*k = 87. Let t = b - -51. Calculate the highest common divisor of i and t.
3
Let k(o) = o**3 + 11*o**2 + o + 11. Let l be k(-11). Suppose 2*h - 8*h + 216 = l. Let u be (-17)/(((-8)/h)/2). What is the greatest common factor of 17 and u?
17
Let b = -12 - -21. Let o be (189/(-12))/(36/(-144)). Calculate the highest common divisor of o and b.
9
Suppose 0 = 5*r - 417 - 233. Suppose -s + r = -253. Let g be s/4 - 12/16. Calculate the greatest common factor of g and 19.
19
Suppose 0 = 5*s + 102 - 302. Calculate the greatest common divisor of 8 and s.
8
Let u = -34 + 573. What is the greatest common factor of 147 and u?
49
Let h(u) = u**3 + 3*u**2 - 2. Let q be h(-2). Suppose -q*x + 450 = x. Calculate the highest common divisor of 30 and x.
30
Suppose 5*j - 263 = -4*l, -3*j - 5*l = 52 - 215. What is the highest common factor of 289 and j?
17
Let h = -135 - -216. Let f be 4/(-8) + 13/2. Let v = f - -3. What is the highest common divisor of v and h?
9
Let q(u) = -u**3 + 13*u**2 - 9*u - 8. Let c be q(12). Let f be (-214)/10 + (-28)/(-70). Let s be (-2 + 12/9)*f. What is the highest common factor of s and c?
14
Suppose -4*r - 6 = -3*r. Let z be 3*7 - (-7 - r). What is the highest common factor of z and 33?
11
Suppose 0 = -3*b + 10 - 34. Let g be (b/(-6))/((-26)/(-195)). Calculate the greatest common divisor of 45 and g.
5
Suppose 2*v - v + 9 = 5*k, -7 = -4*k + v. Suppose -5*w = -n - 4, k*w = 5*n - 2*n - 1. Calculate the greatest common divisor of n and 1.
1
Suppose -t + 419 = 5*z, 1 = -2*t - 1. Suppose 2*i = n - z, i - 47 = 3*n - 299. Calculate the greatest common divisor of 21 and n.
21
Let v(p) = -2*p + 1 + 2*p + 14*p. Let t be v(1). Let a(n) = 56*n - 227. Let w be a(7). What is the highest common factor of w and t?
15
Suppose -2*j + 6*k + 2298 = 8*k, -k = -2*j + 2292. Calculate the greatest common factor of 37 and j.
37
Let u = -36 - -51. Suppose u = 5*s - 0*s. Suppose -5*z = -s*z - 18. Calculate the greatest common factor of z and 45.
9
Let r = -6 - -10. Let w be r/(-6) + (-22)/(-6). Let g = 48 - 42. Calculate the highest common factor of w and g.
3
Suppose 0 = 31*g - 1361 - 871. What is the greatest common divisor of g and 8?
8
Suppose -o - 4*u = 9, 96*o - 2*u = 98*o. What is the greatest common factor of o and 213?
3
Let k = 175 + 9. Let h(a) = -a**3 - 5*a**2 + 2*a - 1. Let g be h(-6). What is the highest common divisor of g and k?
23
Let l(q) = -125*q - 160. Let j be l(-3). Calculate the highest common divisor of 129 and j.
43
Let u be (-47)/(-5) + (-2)/5. Suppose -u*i + 4*i = -10. Let c = 30 + -12. What is the greatest common divisor of c and i?
2
Let n(g) = -12*g**3 + g**2 + 2*g + 1. Suppose -4 = 5*v - 9*v. Let w be (0 - v)*(2 + -1). Let h be n(w). Calculate the greatest common factor of h and 6.
6
Let a(i) be the first derivative of i**3/3 - i**2 + 3*i + 12. Let s be a(3). Calculate the greatest common factor of 12 and s.
6
Let c = 929 - 626. Let f(g) = 2*g + 2. Let i be f(0). Suppose 95 - c = -i*v. What is the greatest common factor of 26 and v?
26
Suppose 6 - 13 = -t + 2*f, 2*t + 4 = -2*f. Let i be t/2 - (-98)/28. Suppose -3*l + 5*v + 14 = i, -4*l = 3*v - 23. What is the highest common factor of l and 10?
5
Suppose -4*w + 108 = -w. Suppose -2*v = -2*f + 50, 3*f - w = f - 5*v. What is the greatest common factor of f and 23?
23
Let k be 25/15*324/10. What is the highest common factor of k and 234?
18
Suppose 25 = 4*o + 1. Suppose -3*h = -k - 2*k + 21, h - 17 = -2*k. Calculate the greatest common factor of k and o.
2
Suppose 0 = -6*m + 3 + 3. Let r be (m + (-201)/12)*-4. What is the greatest common divisor of 42 and r?
21
Suppose 5*h + 79 = 3*v + 26, -3*v = 4*h - 71. Calculate the greatest common factor of v and 56.
7
Suppose 66*n - 60*n - 18 = 0. What is the highest common factor of 81 and n?
3
Suppose 7*z - 418 = -12. Suppose y + 56 = z. Calculate the greatest common factor of y and 6.
2
Let k = 36 - -62. Suppose 5*l = -3*u + 193, 0 = -4*l - 10 - 6. Suppose 3*m - u + 29 = 0. What is the highest common divisor of m and k?
14
Suppose -4*j - 6*v = -8*v + 188, 3*j + 3*v = -159. Let h = j - -69. Suppose 10 = -4*n + 5*n. What is the highest common factor of n and h?
10
Let f = -11 + 15. Suppose 8*j - 2*w - 11 = 3*j, f*j = -w + 14. What is the greatest common divisor of j and 1?
1
Let l be 36/48 - ((-33)/(-12) + -3). Let h(a) = 2*a**2 + 2*a. Let g be h(-3). Suppose -v + g = -l. What is the highest common factor of 91 and v?
13
Let s = 14 + -12. Suppose 2*r - 3*g = 6*r - 50, 0 = -4*g - 8. Suppose -2*x + 72 = 5*u + s*x, -x + r = u. What is the highest common divisor of 8 and u?
8
Let z(k) = k**2 + 14*k + 12. Let n be z(-16). Let g be (1 - 5) + n + 0. Let m = 25 - 15. What is the greatest common factor of m and g?
10
Let q = 532 - 302. Suppose t - 626 = -5*p - 575, 0 = p + 2*t - 12. What is the highest common divisor of q and p?
10
Suppose -197*y + 144 = 5*p - 194*y, -80 = -3*p - 5*y. What is the greatest common divisor of 135 and p?
15
Let h(u) = u**2 - 7*u + 9. Let x be h(7). Suppose -m = -5*l - 65, -3*m - 3*l = -2*l - 131. Calculate the highest common divisor of x and m.
9
Let i(b) = b**3 - 13*b**2 - 87*b - 47. Let f be i(18). Suppose 3*p - 27 = 3*w, 2 + 2 = -2*w. What is the greatest common factor of p and f?
7
Let d = 169 - 251. Let l be 0 + (-803)/(-6) + (-16)/(-96). Let p = l + d. Calculate the greatest common factor of p and 13.
13
Let n = -28 + 32. Suppose -u - n*u + 55 = 0. Calculate the highest common divisor of u and 33.
11
Let s be 2/(-3) - 62/(-3). Suppose 3*f + n = 2*f + 7, -9 = -3*f + 3*n. Let h(u) = u**2 + 2*u - 27. Let d be h(f). What is the greatest common factor of s and d?
4
Suppose i + 7 = 4*a, 4*i - 2*a + 8 = 2*i. Let k = i - -3. Suppose k = -v - u + 8